1584.
2, 149, 2551
List the prime factors of 5749713.
3, 638857
List the prime factors of 226371.
3, 61, 1237
What are the prime factors of 73663?
19, 3877
What are the prime factors of 1106065?
5, 157, 1409
What are the prime factors of 208723?
31, 6733
What are the prime factors of 9914?
2, 4957
List the prime factors of 520462.
2, 260231
What are the prime factors of 414997?
11, 31, 1217
What are the prime factors of 23311885?
5, 4662377
List the prime factors of 365735.
5, 193, 379
List the prime factors of 16130585.
5, 67, 179, 269
List the prime factors of 19833687.
3, 97, 7573
What are the prime factors of 3041657?
17, 178921
List the prime factors of 1919058.
2, 3, 227, 1409
List the prime factors of 26844661.
47, 571163
List the prime factors of 474769.
474769
What are the prime factors of 9719096?
2, 547, 2221
List the prime factors of 116818.
2, 13, 4493
List the prime factors of 116210.
2, 5, 11621
What are the prime factors of 35875339?
31, 73, 83, 191
What are the prime factors of 7348382?
2, 149, 24659
What are the prime factors of 19502791?
7, 11, 17, 47, 317
What are the prime factors of 118852?
2, 43, 691
What are the prime factors of 80521?
7, 11503
What are the prime factors of 690814?
2, 211, 1637
List the prime factors of 81767.
7, 11681
List the prime factors of 6239568.
2, 3, 61, 2131
List the prime factors of 1445053.
1445053
List the prime factors of 839845.
5, 23, 67, 109
What are the prime factors of 12272842?
2, 751, 8171
List the prime factors of 148808.
2, 11, 19, 89
List the prime factors of 26730128.
2, 1670633
What are the prime factors of 137301?
3, 45767
List the prime factors of 19171541.
19171541
List the prime factors of 5838536.
2, 11, 66347
List the prime factors of 10546760.
2, 5, 7, 5381
What are the prime factors of 2016298?
2, 41, 67, 367
List the prime factors of 8078199.
3, 2692733
What are the prime factors of 908827?
19, 31, 1543
What are the prime factors of 3159742?
2, 229, 6899
What are the prime factors of 196886?
2, 98443
What are the prime factors of 361617?
3, 120539
What are the prime factors of 15649802?
2, 7, 1019, 1097
List the prime factors of 275723.
7, 17, 331
What are the prime factors of 672751?
89, 7559
List the prime factors of 180104.
2, 47, 479
What are the prime factors of 62392?
2, 11, 709
What are the prime factors of 3052999?
233, 13103
List the prime factors of 10481255.
5, 19, 31, 3559
What are the prime factors of 253736?
2, 7, 23, 197
What are the prime factors of 3500745?
3, 5, 419, 557
List the prime factors of 14927640.
2, 3, 5, 7, 13, 1367
What are the prime factors of 4488805?
5, 137, 6553
What are the prime factors of 61271?
7, 8753
What are the prime factors of 5601928?
2, 700241
What are the prime factors of 5066011?
5066011
List the prime factors of 957462.
2, 3, 11, 89, 163
List the prime factors of 8569144.
2, 31, 109, 317
What are the prime factors of 438031?
11, 39821
What are the prime factors of 42341?
13, 3257
What are the prime factors of 212354?
2, 89, 1193
List the prime factors of 7206.
2, 3, 1201
List the prime factors of 310654.
2, 155327
What are the prime factors of 2867156?
2, 716789
List the prime factors of 5648775.
3, 5, 11, 41, 167
List the prime factors of 850593.
3, 37, 79, 97
What are the prime factors of 60041?
60041
List the prime factors of 1329994.
2, 664997
List the prime factors of 17876874.
2, 3, 2979479
What are the prime factors of 288251?
47, 6133
List the prime factors of 724081.
17, 191, 223
What are the prime factors of 274554?
2, 3, 7, 2179
List the prime factors of 1030006.
2, 31, 37, 449
What are the prime factors of 5521928?
2, 59, 11699
List the prime factors of 2590189.
7, 52861
What are the prime factors of 62987?
62987
What are the prime factors of 21685?
5, 4337
What are the prime factors of 25894083?
3, 31, 41, 6791
List the prime factors of 1245506.
2, 401, 1553
What are the prime factors of 4608033?
3, 1536011
What are the prime factors of 26213638?
2, 11, 1191529
What are the prime factors of 52916?
2, 13229
List the prime factors of 6168.
2, 3, 257
What are the prime factors of 789975?
3, 5, 3511
What are the prime factors of 5093876?
2, 67, 83, 229
What are the prime factors of 470831?
470831
List the prime factors of 2509454.
2, 1031, 1217
List the prime factors of 13072299.
3, 4357433
What are the prime factors of 471397?
613, 769
What are the prime factors of 296932?
2, 19, 3907
List the prime factors of 164005.
5, 32801
List the prime factors of 19397877.
3, 6465959
List the prime factors of 124962.
2, 3, 59, 353
What are the prime factors of 579328?
2, 31, 73
What are the prime factors of 1118792?
2, 107, 1307
What are the prime factors of 61685?
5, 13, 73
List the prime factors of 933413.
13, 19, 3779
What are the prime factors of 16349179?
7, 11, 113, 1879
List the prime factors of 5642893.
137, 41189
What are the prime factors of 283469?
467, 607
What are the prime factors of 247954?
2, 7, 89, 199
List the prime factors of 6645101.
2039, 3259
List the prime factors of 288007.
288007
What are the prime factors of 99396?
2, 3, 11, 251
List the prime factors of 905402.
2, 452701
What are the prime factors of 1729340?
2, 5, 86467
What are the prime factors of 14030?
2, 5, 23, 61
What are the prime factors of 429715?
5, 11, 13, 601
What are the prime factors of 4728?
2, 3, 197
List the prime factors of 1871692.
2, 491, 953
List the prime factors of 8571177.
3, 105817
List the prime factors of 19122455.
5, 11, 19, 29, 631
List the prime factors of 278293.
19, 97, 151
What are the prime factors of 31347?
3, 43
List the prime factors of 881167.
7, 367
What are the prime factors of 282291?
3, 73, 1289
What are the prime factors of 304807?
304807
What are the prime factors of 801086?
2, 11, 13, 2801
What are the prime factors of 8751821?
13, 17, 199
What are the prime factors of 103107?
3, 34369
List the prime factors of 32124.
2, 3, 2677
List the prime factors of 47428.
2, 71, 167
What are the prime factors of 1032432?
2, 3, 137, 157
What are the prime factors of 265698?
2, 3, 29, 509
What are the prime factors of 4978550?
2, 5, 99571
List the prime factors of 25510037.
7, 677, 769
What are the prime factors of 16847033?
7, 343817
List the prime factors of 8354713.
8354713
List the prime factors of 2362698.
2, 3, 13, 23, 439
List the prime factors of 1856476.
2, 464119
List the prime factors of 16822.
2, 13, 647
List the prime factors of 231442.
2, 97, 1193
List the prime factors of 1060800.
2, 3, 5, 13, 17
List the prime factors of 125037.
3, 11, 421
What are the prime factors of 13488586?
2, 6744293
What are the prime factors of 2563989?
3, 37, 23099
What are the prime factors of 15160?
2, 5, 379
What are the prime factors of 1051597?
739, 1423
What are the prime factors of 561690?
2, 3, 5, 79
What are the prime factors of 379858?
2, 189929
List the prime factors of 758235.
3, 5, 50549
What are the prime factors of 218561?
7, 31223
What are the prime factors of 8986318?
2, 11, 408469
List the prime factors of 3723291.
3, 11, 13, 263
List the prime factors of 5005444.
2, 23, 41, 1327
What are the prime factors of 952614?
2, 3, 13, 23, 59
What are the prime factors of 201292?
2, 7, 13, 79
What are the prime factors of 441067?
11, 101, 397
What are the prime factors of 3370256?
2, 37, 5693
List the prime factors of 1106003.
17, 43, 89
List the prime factors of 214876.
2, 53719
List the prime factors of 1684823.
7, 233, 1033
List the prime factors of 609020.
2, 5, 37, 823
What are the prime factors of 1141531?
1141531
What are the prime factors of 6692647?
13, 514819
What are the prime factors of 3395542?
2, 1697771
What are the prime factors of 3775176?
2, 3, 52433
What are the prime factors of 472170?
2, 3, 5, 15739
What are the prime factors of 15354?
2, 3, 853
List the prime factors of 2501102.
2, 1250551
What are the prime factors of 141727?
239, 593
What are the prime factors of 2502528?
2, 3, 7, 19
List the prime factors of 384494.
2, 11, 17477
List the prime factors of 4464477.
3, 55117
What are the prime factors of 390119?
390119
List the prime factors of 591070.
2, 5, 59107
List the prime factors of 25645.
5, 23, 223
List the prime factors of 1652.
2, 7, 59
What are the prime factors of 13392764?
